 by a.
16
Suppose 0 = 26*z + 244 - 1284. What is the remainder when z is divided by 21?
19
Suppose -3*x = -3*c + 591, x - 5*c = -3*x - 790. Suppose -3*h - 2*t = -143, 5 = -t + 3. Calculate the remainder when h is divided by (x/12)/(-5)*4.
10
Suppose 3*b + 13 + 2 = 0. Let q(z) = -14*z - 6. Let n be q(b). Let j = n - 34. What is the remainder when j is divided by 8?
6
Calculate the remainder when (-5)/1 + 1156/4 is divided by 32.
28
Let t(z) = 2*z**3 + 21*z**2 + 9*z - 2. What is the remainder when 113 is divided by t(-10)?
1
Suppose 11*g - 6*g - 45 = 0. Suppose -2*r = -g - 17. Calculate the remainder when 63 is divided by r.
11
Suppose -13*o = -16*o + 558. Suppose -o = -0*h - 3*h. Calculate the remainder when h is divided by 13.
10
Let v = 2416 - 2294. Calculate the remainder when v is divided by 51.
20
What is the remainder when 154140/980 + (4/(-14) - 0) is divided by 34?
21
What is the remainder when -4 + (716/4 - 0) is divided by 60?
55
Let q = 40 - 18. Suppose -2*p - 4*j + q = -0*p, 0 = 2*p + 5*j - 22. Let u(m) = m**2 + 2*m - 5. What is the remainder when p is divided by u(-4)?
2
Suppose 3*b - s + 14 = 4*s, -2*s + 2 = 0. Calculate the remainder when 394/9 + 4/18 is divided by (b + 1)*(1 + -2 - 7).
12
Let u = -20 - -40. Suppose 0 = 2*k + 8 - u. Let r(a) = -a**2 - 4*a + 4. What is the remainder when k is divided by r(-4)?
2
Let s(u) = u**3 - 5*u**2 + 2*u + 7. Let w = -20 - -26. Suppose -w*b + 30 = -3*b. Calculate the remainder when s(5) is divided by b.
7
Suppose 4*w + 170 - 54 = 0. Let z = w + 47. Suppose 10*d - 1094 = -394. Calculate the remainder when d is divided by z.
16
What is the remainder when 853 is divided by (-1242)/(-66) + (-4)/(-22)?
17
Suppose -2*q + 1134 = 4*y, 0 = 4*q - 0*q + 5*y - 2271. Calculate the remainder when q is divided by 15.
14
Let r = -1663 + 1750. What is the remainder when 519 is divided by r?
84
Let r(t) = -3*t**2 - 3*t - 3. Let l be r(-4). Let j = 2 - 0. What is the remainder when 40 is divided by j/(-13) - 552/l?
12
Let h(n) = n**2 - 15*n + 17. Let r be h(14). Let l(w) = 6*w + 7*w**3 + 11*w**2 - 5 + r*w - 6*w**3. Calculate the remainder when 14 is divided by l(-10).
4
What is the remainder when (10/(-3) + 2)*7029/(-66) is divided by 5?
2
Suppose -4*p - 26 = -226. Suppose 2*j - p - 16 = 0. What is the remainder when j is divided by 18?
15
What is the remainder when 155 is divided by (-7 - (-6 - 54))/(1 - 0)?
49
Let y = -413 - -513. Calculate the remainder when y is divided by 87.
13
Suppose -93 + 1100 = 19*w. Calculate the remainder when 580 is divided by w.
50
Let l = -567 + 1432. What is the remainder when l is divided by 51?
49
Suppose -12*p - 111 = -351. Calculate the remainder when 878 is divided by p.
18
Let x be (-51)/(-3) - 8/(-4)*-1. Suppose x = m - 129. Calculate the remainder when m is divided by 49.
46
Let q(w) = 4*w**2 - 112*w + 232. Let g be (-12)/10*5/(-2). Suppose 4 = -2*t, -g*b - 4*t + 182 = -b. What is the remainder when b is divided by q(26)?
23
Let u be 319/44 + 3/4. Suppose 2*b + u*b = 230. Let k(t) = t**3 - t**2 + t + 2. Calculate the remainder when b is divided by k(2).
7
Suppose s = -l - 167, -5*l = -0*l - 20. Let r = -175 + 118. Let o = r - s. What is the remainder when o is divided by 23?
22
Suppose 3*g = 16 + 5. Let n = g + 16. Calculate the remainder when n is divided by (-1)/2 - (-187)/22.
7
Let o be 14/6 - (-22)/33. Let g = 10 + -7. Suppose o*n - 12 + g = 0. What is the remainder when 3 is divided by n?
0
Let s(y) = -y**2 - 17*y + 63. What is the remainder when 46 is divided by s(-20)?
1
Let q(d) = d**2 - 4*d + 4. Let j = -36 + 42. Let v = 14 - j. Calculate the remainder when v is divided by q(4).
0
Suppose 7*w - 157 - 32 = 0. What is the remainder when 105 is divided by w?
24
Let x(s) = 3*s + 398 - 8*s - 417. Calculate the remainder when 77 is divided by x(-9).
25
Let y be (-6)/9 + 3/((-18)/(-154)). Let s = y - 2. Calculate the remainder when s is divided by 5.
3
Let x(j) = 358*j**2 + 57*j + 56. What is the remainder when x(-1) is divided by 60?
57
Let o = -77 + 81. Suppose -o*j + 171 = -j. What is the remainder when j is divided by 20?
17
Suppose -9*t + 67 = -7*t + o, 5*t = -5*o + 170. What is the remainder when 263 is divided by t?
32
Suppose 4*b - b = -3*a + 24, -2*a + 5*b = 19. Suppose -5*n = -a*m + 26, n - 4*n = -3*m + 36. Calculate the remainder when m is divided by 3.
2
Let q = 23 - -34. Let o = -20 - -11. What is the remainder when q is divided by o/(-3)*-1*-5?
12
Suppose 0 = 7*j - 2*j - 4*z - 286, -3*z = -3. What is the remainder when j is divided by 12?
10
Suppose 0 = 2*j + 2*j + 4*f - 32, 3*j - f = 16. What is the remainder when (54/24)/(j/32) is divided by (-3 + -2)/(2/(-2))?
2
Suppose 4*h = 415 + 173. Calculate the remainder when h is divided by 0 - -1*(24 + 13).
36
Let y = 22 - 18. Suppose -5*w - 5*m + 590 = 0, -3*w + 436 - 75 = -y*m. What is the remainder when w is divided by 20?
19
Suppose -3*y = -138 - 96. Let v = -436 + 463. What is the remainder when y is divided by v?
24
Suppose q + 144 = 2*u - 4*q, 5*q + 20 = 0. Let h = 12976 + -12944. What is the remainder when u is divided by h?
30
Let b(m) = m**3 - 6*m - 3. Calculate the remainder when -1*1*1/(5/(-10)) is divided by b(-2).
0
Let t(p) = -2*p**3 + 24*p**2 - 17*p - 25. Calculate the remainder when 149 is divided by t(11).
29
Let p(d) = 77*d. Suppose -22*k = -23*k - 3*f + 17, 0 = k + 4*f - 14. Calculate the remainder when p(1) is divided by k.
25
Let k = -168 + 242. Calculate the remainder when k is divided by 15.
14
Suppose -11*g + 65 + 331 = 0. What is the remainder when 122 is divided by g?
14
Suppose 3*d + 358 = -512. Let j be (-32)/(-208) - d/(-26). Let h(r) = r**2 + 7*r + 8. What is the remainder when h(j) is divided by 18?
16
What is the remainder when 107 is divided by (-64)/(-10) + 34/(-85)?
5
Let a be ((-207)/12)/(6/(-24)). Suppose 4*h + 5*g - 92 = -0*g, a = 3*h + 5*g. Calculate the remainder when 68 is divided by h.
22
Let z(b) = b**3 + 6*b**2 + 7*b + 2. Let w be z(-3). What is the remainder when 187 + 4/w*-10 is divided by 46?
44
Let l = 3 - 1. Suppose l*b - 3*j - 21 = 0, -b + 3*b - j = 23. Let v(i) = 21*i - 268. Calculate the remainder when b is divided by v(13).
2
Let u = -39 + 71. Let p = u - 21. What is the remainder when 52 is divided by p?
8
Let j(p) be the first derivative of 0*p**2 + 21*p + 6 - 1/3*p**3. Calculate the remainder when j(0) is divided by 6.
3
What is the remainder when -3*4*(-123)/18 is divided by (-13 - -14)/(2/56)?
26
Suppose 5418 = 20*i - 2*i. Calculate the remainder when i is divided by 16.
13
Suppose 25*d + 225 = 34*d. Calculate the remainder when d is divided by 9.
7
Suppose -2*g + 2*i = 36, -9*g - 86 = -5*g + 3*i. What is the remainder when 256/10 - 4/(-10) is divided by (-4)/g - (-69)/5?
12
What is the remainder when 139 + ((-6)/42 - (-45)/21) is divided by 37?
30
Let s = 422 + -416. What is the remainder when 153 is divided by s?
3
Suppose 5*q + 58 = 543. What is the remainder when q is divided by 25?
22
Suppose -c = 2*k - 3*k - 3, 16 = 4*c - 5*k. Calculate the remainder when 24 is divided by (-9)/((-45)/20) - c*3.
3
Let a be (-6)/3*33/(-2). Let j = a + -17. Calculate the remainder when 73 is divided by j.
9
Suppose 4*y - 24 = -24*q + 28*q, -5*q - 22 = -4*y. Suppose w - 5*g = 3*w + 131, 2*g = 4*w + 322. Let c = 117 + w. What is the remainder when c is divided by y?
7
Suppose 5*z - 4 = r, 5*r - r = 4*z + 16. Suppose -1 = -a + 11. What is the remainder when 3834/81 + (-2)/(r - 0) is divided by a?
11
Suppose -3*v + 1515 = 2*v. Suppose -190 = -2*z - 5*c, 2*c = -3*z - c + v. What is the remainder when z is divided by 27?
24
Let x be 29/(-3) - (1 - (-15)/(-9)). What is the remainder when 1*(-123)/x*3 is divided by 11?
8
Let f = -43 - -111. What is the remainder when f is divided by ((-3080)/(-91) - 11) + 2/13?
22
Let m = 55 - 12. Let g = 63 - 50. Let t = 2 + g. Calculate the remainder when m is divided by t.
13
Let l = -260 + 384. Calculate the remainder when l is divided by (-48)/((-1)/4*6).
28
Let b(q) = q + 2. Suppose 4*h + t - 38 - 296 = 0, -5*t - 178 = -2*h. Let j = h - 48. What is the remainder when j is divided by b(11)?
10
Suppose 0 = k + 2*x - 3 - 72, 0 = -2*k + 5*x + 114. What is the remainder when k is divided by 7?
4
Let d = 27 + 32. What is the remainder w